ime factors of v?
2, 17
Let j be 2 + -3 + 0 + -1. Let y be ((-2)/(-2))/(j/(-6)). Suppose 4*f - 10 = 3*d, -y*f = -d - 6 - 4. List the prime factors of d.
2
Let n(o) = 4*o**3 + 13*o**2 + 6. Let b(z) = -5*z**3 - 14*z**2 - 7. Let l(r) = 3*b(r) + 4*n(r). Let p be l(-10). List the prime factors of (-54)/(-2)*1/p.
3
Let y(t) = 7*t**2 - 2*t - 1. List the prime factors of y(-1).
2
Let z = 7 - 18. Suppose 0 = 4*a - 2*a - 38. Let j = a + z. List the prime factors of j.
2
Let k be (0 + 3/6)*0. Suppose k*z - z = -2. Suppose 0 = z*w - 5*w + 33. List the prime factors of w.
11
Let u(g) be the second derivative of g**4/12 - 7*g**3/6 + 5*g**2 - 3*g. What are the prime factors of u(7)?
2, 5
Let n(o) = -o + 6. Let c be n(4). Suppose -f = -c*f + 11. What are the prime factors of f?
11
Let x = 17 - -31. List the prime factors of x.
2, 3
Suppose -g + 6*g - 34 = -2*m, 5*g + 5*m = 25. What are the prime factors of g?
2
What are the prime factors of (332/10)/(10/25)?
83
Suppose 457 = -9*b + 1447. What are the prime factors of b?
2, 5, 11
Suppose 0 = 7*w - 3*w + 36. Let t = 26 + w. List the prime factors of t.
17
Let g(a) = 0 + a - 2 - a**2 - 6*a + 0*a**2. Let d be g(-4). Let t(b) = 3*b**2 - b. What are the prime factors of t(d)?
2, 5
Suppose -2*v + 21 + 13 = 0. What are the prime factors of v?
17
Let w(u) = u**3 - u**2 + 4*u - 4. What are the prime factors of w(4)?
2, 3, 5
Let b be (-4)/(-4) + -2 + -8. What are the prime factors of -3*(b + (-9)/(-3))?
2, 3
Let g(p) = -p**2 - 2*p + 1. Let i(k) = k**2 + 3*k - 2. Let j(f) = -2*g(f) - 3*i(f). Let a = -17 - -13. List the prime factors of j(a).
2
Suppose 4*p + 4 = 28. Let o be (-3 + 5)*p/4. List the prime factors of (-10)/(2 - 8/o).
3, 5
Let y(p) = -3*p**3 - 3*p**2. Suppose -6*k - 4 = -4*k. List the prime factors of y(k).
2, 3
Let l be -1 - (-12 - 0 - 3). Suppose l*d - 11*d - 39 = 0. What are the prime factors of d?
13
Suppose 10 = -2*s - 0. Let w(h) be the third derivative of -h**6/120 - h**5/15 + 5*h**4/24 + h**3/3 + 3*h**2. List the prime factors of w(s).
2
Let k(d) = d**2 - 9*d + 6. Let f be k(7). Let q = -4 - f. Suppose -3*b - 4*j = -20, 3*j = -j - q. List the prime factors of b.
2
Suppose 5*d - 2*w + 121 = 351, -2*w = -3*d + 134. Let m = 3 + d. What are the prime factors of m?
3, 17
Suppose 21 = -4*s + k, -4*s + k - 6 = -3*s. Let y be (-4)/6 - (-64)/6. List the prime factors of 112/y + 1/s.
11
Let h be 40/12 - 6/(-9). Suppose -v = -3, h*v + 48 = 5*k - 2*k. What are the prime factors of k?
2, 5
Suppose 10 = 5*y, 5*u - 3*y + 11 - 105 = 0. List the prime factors of u.
2, 5
Suppose 4*a = 59 - 7. Let h = 20 - a. Suppose -3*z + 1 = 4, 0 = -u + 2*z + h. List the prime factors of u.
5
Suppose 0 = -2*l - 2*k - 246, 0*l + 5*l = -3*k - 617. Let i = -73 - l. List the prime factors of i.
3, 17
Suppose 4*w = 6 + 6, a = -5*w + 124. List the prime factors of a.
109
Let f = 1 + 2. Suppose 2*x = f*x - 14. What are the prime factors of x?
2, 7
Let y(t) = t**2 + 9*t + 7. Let w be y(-8). Let n be (1 + w)/(1 + -3). Suppose n = -2*i - 0*g - g + 26, 18 = i + 3*g. What are the prime factors of i?
2, 3
Let s be (-3)/6*-22*1. Let p = s - 8. List the prime factors of p.
3
Let f(d) = d - 5. Let u = -4 - -16. List the prime factors of f(u).
7
Let u(x) = x**2 + 5*x + 4. Let m be u(-4). Suppose m = -2*b + a + 45, -3*b + 0*a + 70 = -a. What are the prime factors of b?
5
Suppose 0 = -3*l - 2*i - 2*i + 156, 3*l = 5*i + 129. List the prime factors of l.
2, 3
Suppose -5*s - 4*z + 9*z = -30, 0 = 3*s - 4*z - 22. What are the prime factors of s/3*(-150)/(-5)?
2, 5
Suppose 39 = -3*b - 2*h + h, -4*b - 51 = h. Suppose 5*t = 3*t + 6. What are the prime factors of (9/(-4))/(t/b)?
3
Let u = 30 - 14. What are the prime factors of u?
2
Suppose 2*o = 274 - 10. List the prime factors of o.
2, 3, 11
Let p be 552/(-16)*(-4)/3. Let q = p + -33. What are the prime factors of q?
13
List the prime factors of -2 - -54 - 0/(-1).
2, 13
Let t be (5/2)/(11/22). Suppose -5*a - 103 = 4*j - 7*j, -t*j = -3*a - 145. List the prime factors of j.
2, 13
Let t = -32 + 167. Suppose -5*d - t = -5*c, -d = -c - 3*d + 24. List the prime factors of c.
2, 13
Suppose -2*k = 2*s - 320, 144 = k + 3*s + 2*s. List the prime factors of k.
2, 41
Let x(f) be the first derivative of 1 - 5*f + 3/2*f**2. List the prime factors of x(4).
7
Let i(h) = 5*h**2 + h - 9. Let s(c) = 0 + 3*c - 4*c**2 - 3*c + 8. Let b(l) = 5*i(l) + 6*s(l). What are the prime factors of b(-5)?
3
List the prime factors of (-2)/3 + 1448/12.
2, 3, 5
Suppose 2*r - 59 - 51 = 0. Suppose -d = -r + 21. What are the prime factors of d?
2, 17
Suppose -3*b = -10 + 1. List the prime factors of b - (1 + -13 - -2).
13
Suppose 8*d = 3*d + 135. Suppose 2*r - 67 + d = 0. List the prime factors of r.
2, 5
Suppose 0 = -0*x + 4*x + 3*f - 62, 2*f = -4*x + 64. Suppose 0*y = -3*y - b + 14, -5*b = -2*y + 32. Let i = x - y. List the prime factors of i.
11
Suppose 0 = 6*k - 3*k - 3. List the prime factors of k + (-1)/(-2)*4.
3
Let n = 40 + -101. Let t = 86 + n. List the prime factors of t.
5
Let l = -21 - -38. What are the prime factors of l?
17
List the prime factors of -3 + 897/4 - 3/12.
13, 17
Let k(n) = n**2 - 39*n. What are the prime factors of k(-6)?
2, 3, 5
Suppose -7*v + 15 = -2*v. Suppose v*q = 5*o + 52, -q - o + 6 - 2 = 0. List the prime factors of q.
3
Let m be (-5)/2 + 2/(-4). Let p(c) = -8*c + 4. Let y be p(m). Suppose -2*a + y = 2*a. List the prime factors of a.
7
Let v(j) = j**3 - 13*j**2 + 7*j - 19. List the prime factors of v(13).
2, 3
Suppose 0 = 2*a + 2*a - 128. List the prime factors of a.
2
Let d be (1/(-2))/(2/(-4)). Let h be d + 1 - (-4 - -3). Suppose z - 34 = -h*y, 0 = y - 4*z + 1 - 8. What are the prime factors of y?
11
Let j = 112 - 16. List the prime factors of j.
2, 3
Let i be (2 - (0 - -1)) + 8. Let d = -10 + i. Let f(a) = -3*a**3 + a**2 + 2*a + 1. What are the prime factors of f(d)?
3
Let h(v) = -v**3 + 10*v**2 + 6*v + 16. List the prime factors of h(9).
151
Suppose 5*d = 4*q + 70, -3*d + 30 = 2*d + 4*q. Let u(p) = -1 + 2*p**3 + 11*p + 9*p**2 + 2 - 3*p**3. List the prime factors of u(d).
11
Let t = -18 - -57. Let r = -27 + t. What are the prime factors of r?
2, 3
Let m = -14 - -8. Let a = m + 13. Let p = a - -1. List the prime factors of p.
2
Let s(y) = y. Let u be s(3). What are the prime factors of 2*(u - (-9)/2)?
3, 5
Let l be ((-38)/3)/(4/(-6)). Suppose 7 + 4 = -c. Let m = l + c. What are the prime factors of m?
2
Let p(c) = -c**2 - 9*c - 7. Let m be p(-8). What are the prime factors of 39/m*(-4)/(-6)?
2, 13
Let r(u) = u**2 + u + 52. What are the prime factors of r(0)?
2, 13
Let d(u) = 2*u + 1. List the prime factors of d(1).
3
Let z be 2/(-3) + (-13)/3. List the prime factors of (6 + z)*(-2 - -23).
3, 7
Let p = 10 - -41. Let j = 80 - p. What are the prime factors of j?
29
Let x be 1 + (1/(-1) - 1). Let y be -2 + 2 + x - 1. What are the prime factors of (-24)/(-3) + y - 2?
2
Suppose -4 + 5 = -j. Let o be (-18)/(-10) - j/5. What are the prime factors of 9/o + 2/(-4)?
2
Let c be 1*-1 - (-8 - -3). Suppose 0*f + c*f = 16. Suppose -z - 4*y = f, 4*y = -4 - 12. What are the prime factors of z?
2, 3
Suppose 0 = -2*f - 3*t + 38, 3*t - 14 = -f + 11. What are the prime factors of f?
13
Let k be 1*(-39)/(0 + -3). Suppose -a + 6 - k = 5*z, -4*a + 26 = 2*z. What are the prime factors of a?
2
Let v(a) = -54*a + 16. What are the prime factors of v(-4)?
2, 29
Suppose -5*g = r - 27, -4*r - r - 4*g + 93 = 0. List the prime factors of r.
17
Let r(x) = -x**3 - x + 1. Let n(u) = -u**3 - u**2 - 6*u + 1. Let k(v) = -n(v) + 3*r(v). Let q(a) = a - 5. Let y be q(3). What are the prime factors of k(y)?
2
Let o be 12/(-8)*8/(-3). Let k(y) = -y + 13. Let j be k(6). Suppose -33 = -j*p + o*p. List the prime factors of p.
11
Let f(w) = -8 + 2*w**2 - w - 2*w**2 + 0*w**2 + w**2. Let m be f(-6). Let h = m + -19. What are the prime factors of h?
3, 5
Suppose -13*j + 145 = -8*j. List the prime factors of j.
29
Suppose -f - 10*f = -2794. What are the prime factors of f?
2, 127
Let l(g) = -g - 2. Let h be l(-5). Suppose -h + 6 = -i. What are the prime factors of -2 - (-5)/(i/(-3))?
3
Suppose 2*q + 0*q - 24 = 0. List the prime factors of (-8)/q + (-130)/(-6).
3, 7
Let a(y) be the first derivative of y**3/3 + 3*y**2/2 + 2*y + 1. Let t be a(-7). Suppose 3*i + 3